0
(4 - -5) + (-17 - (8 + -9))
-7
What is the value of 10 + -31 - (-29 - 10)?
18
Evaluate -2 + -1 + 15 + -14 + (22 - -2).
22
What is 177 + -189 + -5 + 1 - 0?
-16
-15 - ((30 - 31) + (2 - 3) + 7)
-20
4 - -5 - (-3 + 20) - (0 - 1)
-7
Evaluate (-28 - -37) + -16 - -21.
14
What is the value of -24 + 6 - (15 - 20)?
-13
What is the value of (5 + 6 - (8 + -1 + -2)) + -4?
2
Calculate -30 - (-13 + 10 + -13).
-14
Evaluate 0 + 8 - (1 + 9 - (202 - 176)).
24
Evaluate -2 + -5 + 0 + (-10 - -7) + 1.
-9
What is 4 - -2 - (-40 + 31)?
15
Calculate -3 - (10 - 7 - -3) - (6 - 2).
-13
4 + 2 - (12 - (0 + -2 + 13))
5
Calculate 6 + (6 - (-1 - -10) - (-1 + 11)).
-7
Evaluate 17 - (13 + -14 + -7 + -1).
26
What is -5 + 30 + -35 - (20 - 0)?
-30
Evaluate -7 + (-1 - (-7 - (-2 + 3))).
0
Calculate (1 - (9 + -4)) + (-10 - (-9 - -4)).
-9
Calculate 6 + (-17 - (3 + -11)).
-3
-11 - (4 - 28 - -16) - 4
-7
What is -12 + (-5 - -2 - 4 - (-8 + -3))?
-8
What is -1 - 0 - 13 - (169 - 183)?
0
What is 4 + 1 + -4 + -2 + -8?
-9
Evaluate -2 + (7 - (-7 - -9)).
3
What is 0 - (26 - (12 + -13))?
-27
Evaluate -6 - 1 - (569 + -571).
-5
What is (0 - 3) + -10 + 22 + 0 + -12?
-3
Evaluate 19 + (7 - (3 - (10 + -20))).
13
Evaluate -5 + 11 + -12 + 1.
-5
What is the value of -11 + -19 + 13 - -31?
14
Evaluate (-11 - -6) + 2 - (1 - (-5 - -10)).
1
Calculate (-17 - -29) + 2 + (-12 - -4) + 4.
10
Calculate (18 - 6) + (-61 - -78).
29
Evaluate (-4 - (-5 - -2)) + -7 + 8.
0
What is the value of -2 + -12 + 3 - (12 + 5)?
-28
Evaluate (-555 - -566) + (-3 - (0 - (-1 + 3))).
10
What is the value of 37 + -6 + 25 - 37?
19
What is the value of 19 - 7 - 23 - -2?
-9
Evaluate (14 - 2) + (47 - 54).
5
Calculate (24 - 2 - 4) + 2 - 11.
9
-1 + (-6 - (8 - (14 + -7)))
-8
(18 - -2) + (-13 - -5) + 0
12
Evaluate (-17 - -1) + (59 - 48) + -3.
-8
Evaluate -15 + 12 - (20 - (5 - 8 - -4)).
-22
Evaluate 16 + 0 + (-22 - 8).
-14
(-5 - -1) + (-138 - -136)
-6
Evaluate 13 + -13 + 0 + (2 - 2) + 8.
8
Evaluate -1 + 6 + (10 - -8) + -10.
13
What is -19 + 2 + (-6 - -8) + 5?
-10
Calculate -5 + 0 - ((-6 - (-19 - -6)) + 0).
-12
-6 - (-15 + 14) - (1 + -3) - -2
-1
Calculate -1 - 6 - -3 - -2 - 6.
-8
What is (39 - (16 - 1)) + -5 - 3?
16
Evaluate (15 + -19 - -8) + -9.
-5
Calculate -2 - (-2 + 0 - (18 + -20)).
-2
What is the value of 5 + -8 + (-5 - (-15 + 4 + 1))?
2
Evaluate -2 + 11 + 0 + (6 + 8 - 7).
16
Evaluate -1 - (-2 - (-17 + (-7 - -17) - 4)).
-10
Evaluate 4 + -5 + (16 - 7) + -9.
-1
What is (16 - 42 - -14) + 3?
-9
(16 + -1 - (-301 + 312)) + (1 - 12)
-7
What is -39 - (-2 + (7 - (-11 - -9) - 11))?
-35
What is the value of (-20 - -25 - -22) + -14?
13
Calculate -33 - (-34 + 2) - (-19 + 0 + 2).
16
Calculate -141 - -155 - (11 - 1).
4
What is the value of -10 - (-3 + 8) - -43 - (11 + -1)?
18
What is 1 + -12 - (1292 - 1286)?
-17
(-19 - -12) + 9 + (-10 - 0)
-8
Calculate -9 - -23 - (15 - 16).
15
What is the value of 7 + (-2 - -3 - 9) - 2?
-3
Evaluate -8 + -9 + 2 + (13 - 0).
-2
Evaluate 8 + -5 + (0 - (4 - 0) - -2).
1
Evaluate -17 + (7 - 6) - (2 - 6).
-12
What is -20 + 25 - (0 + (-5 - 4)) - -1?
15
15 - 19 - (-3 + 1 + 1)
-3
Evaluate 4 - (-10 - 0 - (1 - 4 - 0)).
11
What is 4 - ((-6 - (6 + -16)) + -6)?
6
What is (-1 - (8 - -2)) + 4 + (-6 - -3)?
-10
0 - (1 + -1) - (-39 - -31)
8
Evaluate 135 + -155 + 30 + 0.
10
What is -9 - -5 - -11 - (-3 + 7 - 2)?
5
Calculate 2 + 6 + (-49 + 58 - (21 - -2)).
-6
Calculate -41 + 26 + 13 - (-3 + -1).
2
What is the value of (-1 - 0) + -1 - (-3 - -4 - -1)?
-4
What is the value of 0 + -4 - -8 - (5 + -1) - -1?
1
Calculate (28 - 2) + (33 - 50).
9
What is (72 - 69) + 1 + (-3 - -3) + 34?
38
Evaluate 5 + (-23 - (-10 - -1 - -19)).
-28
Calculate 1 - (46 + 20 + -77).
12
Calculate 16 + -16 + 42 + -2 + -10 + -9.
21
Calculate 10 - ((-6 + 11 - 7) + 8).
4
Evaluate 45 - -23 - (0 + 28).
40
Calculate -9 - (-25 - -13) - (-1 + -1 + 7).
-2
Evaluate -6 - (6 - (-5 + (8 - -3) + 1)).
-5
-6 - (22 - 22 - (-3 - -2)) - 32
-39
What is (10 - (0 + 2)) + -2 + -15?
-9
10 + (15 - (-20 + 43))
2
What is -20 - (14 - (37 + -7))?
-4
What is the value of -7 - (6 + -12 + (-9 - (-9 + 5)))?
4
What is the value of -7 + -3 - (-57 - (-7 - 4 - -1))?
37
What is 30 - 32 - (-3 + -1 + 2)?
0
Evaluate -18 + -19 + (8 - -18).
-11
Calculate 16 + (14 - 18) + -14.
-2
Calculate -21 - (27 - (8 - -20)).
-20
Evaluate 14 + (5 - -2) + (-10 - -5).
16
-2 + -1 + -1 - (99 - 113)
10
What is (0 - -4 - 7) + -18?
-21
Evaluate (-10 - (10 - 26)) + 20.
26
What is 0 + (0 - -3) + 56 + (12 - 46)?
25
What is the value of 115 - 119 - (0 - -2)?
-6
Evaluate 8 + -23 + 18 + 1.
4
Calculate (15 - 13) + 0 + 0.
2
What is -22 - 2 - -36 - 20?
-8
Evaluate -13 + (6 - (-1 + -5)) + -6.
-7
Calculate (-1 - -3) + 8 + (-17 + 29 - 4).
18
1 + (-4 - (11 - 12))
-2
What is (-1 - -5) + 9 + 18 + 6 + -28?
9
Evaluate 3 + (4 - (-5 + 3 + 5)) + -7.
-3
What is the value of 3 - (4 + (0 - -7 - (2 + -1)))?
-7
-12 + 22 + -27 + -2 + (-6 - -4)
-21
What is (17 - -2) + -24 + (15 - -5)?
15
What is the value of (1 - 20) + -438 + 447?
-10
What is the value of (4 - (-4 - -1 - -5)) + 8 + -9?
1
Calculate -9 + 30 - (-55 - -112).
-36
Calculate 0 + 0 + -1 + 1 + -13 - 1.
-14
4 + (17 - 14 - 11 - (2 - -13))
-19
Evaluate -20 - (-23 + (22 - 17)).
-2
Evaluate -18 - -6 - (-16 + -2).
6
Evaluate -281 - -269 - (0 - 26).
14
What is the value of -9 - (4 - (51 + -22))?
16
(740 - 739) + (0 + 0 - 1)
0
What is the value of -8 + 21 + 6 + -7 + -9 + 19?
22
4 - (6 - 7 - (-29 - -21))
-3
What is (25 - (-10 + 14 + 7)) + 17?
31
What is the value of 11 + (-30 - (-24 - -5))?
0
What is 11 - (4 + -4 - 2) - (81 + -79)?
11
-1 + -16 + (15 - 2) + 11
7
What is -14 + 37 + -42 - -11?
-8
What is 1 + (-1 + 26 - 29)?
-3
What is 2 + 26 + -287 + 286?
27
Calculate -18 - -19 - 16 - -2.
-13
(0 - (1 - 5)) + -1 + (2 - 8)
-3
Evaluate 6 + (-10 - -6) - (46 + -33).
-11
Evaluate -20 + (7 - 29 - -69).
27
What is 5 + -36 + 9 + (3 - (3 - -10))?
-32
What is -1 - -15 - (90 + 80 + -128)?
-28
What is the value of -20 + -10 - 6 - (-3 + 3 - 7)?
-29
Evaluate 36 - (2 + -7 + 4 + 18 + -7).
26
What is 31 + -31 + 23 + -25?
-2
What is the value of 21 + -10 + -23 + 25?
13
What is -34 - (9 - (5 - 2) - (-10 - -18))?
-32
-5 + -1 - (2 + -10 + -2)
4
-13 - (-27 + 39 - 20)
-5
What is the value of (-10 - (-4 - (-1 + -2 + 1))) + -8?
-16
Evaluate 1 + (0 + 7 - (0 - (4 + -9))).
3
What is the value of (-9 + 8 - (1 - 12)) + (-266 - -273)?
17
4 + -17 - 4 - -35 - -6
24
What is -7 + 41 - (47 + 5)?
-18
Evaluate -15 + -10 + 0 + (0 + -14 - -19).
-20
Calculate 1 + (-9 - ((-4 - -8) + -7)).
-5
(19 - -5 - 34) + 11
1
What is the value of 11 + -11 + -4 + 17?
13
What is 1 - (17 + -4 - 4)?
-8
What is 15 - (10 + 0 + 10 + -11)?
6
Calculate (2 - -7) + (-32 - -30) + 6.
13
Evaluate (18 + -25 - -9) + (-2 + 1 - 2).
-1
What is the value of 7 + -5 + 5 - (0 - -17)?
-10
Calculate (-8 - -1) + 3 + (2 - 9).
-11
Calculate 8 + (-10 - (-15 + 6)) + (9 - 0).
16
-14 + -14 + 4 + 21 + 2 + 6
5
What is 50 - 47 - (-2 + 2 + -2) - -2?
7
What is -28 + ((-18 - -31) + -4 - 17)?
-36
Evaluate -20 + 66 + (-2 - 13).
31
Calculate 4 + 2 + (-5 - 1) - (2 + 1).
-3
Calculate 4 + 5 + (26 - 16) + -1 + -5.
13
What is the value of -29 + 8 + 16 + 9?
4
133 + -98 + (2 - (2 - -14))
21
Evaluate 255 - 281 - (-12 - -14 - (9 - 2)).
-21
-16 - (-11 - -4) - -15
6
What is the value of (1 - 5 - -9) + (-13 - (8 + -8))?
-8
What is the value of 54 + -33 + -65 + 10 + (2 - 1)?
-33
What is 12 - (-15 - -4) - 19?
4
Calculate 10 - (5 + -7 + 6 + -2) - -15.
23
What is the value of 11 + (6 - (-13 + 1 - (5 - 67)))?
-33
Evaluate -15 - (-3 + -7 + 2).
-7
Calculate -20 + 37 + (-13 - (-19 + -6)).
29
(57 + -39 - (5 + 30)) + -3
-20
Calculate -9 + -2 + -3 + (64 - 48).
2
What is 28 - -1 - (1 - -19)?
9
What is -8 - (0 + -1) - ((1 - 38) + 22)?
8
Evaluate 2 + -5 + 9 - (-4 + 3 - -9).
-2
What is 0 + (-1 - -5) + 1 - (-19 + 30)?
-6
What is the value of -17 - (21 + -7 - 24)?
-7
8 - (-6 - -28) - -4 - -3
-7
What is -4 + 5 - (3 - (-8 + 4 - 1))?
-7
What is the value of 113 + -107 + (7 - -1)?
14
What is the value of -8 + 3 - (8 - 0 - (-15 - -29))?
1
What is the value of -2 + (-3 - 1 - -1) - (-4 - 0)?
-1
What is the value of -253 - -263 - (-3 - -1)?
12
Evaluate 3 - ((-5 + 2 + 6 - -5) + 1).
-6
-5 - ((6 - -15) + -21)
-5
11 - (6 + (7 - -1))
-3
Evaluate (5 - 11) + (-131 - -109).
-28
What is -6 + 4 + -7 + 5 + -1 - -1?
-4
What is the value of -46 + 23 + (-2 - 8)?
-33